n 340233 is divided by 55979.
4359
What is the remainder when 31039786 is divided by 1794?
1792
Calculate the remainder when 680439 is divided by 275.
89
Calculate the remainder when 310683 is divided by 12937.
195
Calculate the remainder when 33976 is divided by 31971.
2005
What is the remainder when 1403668 is divided by 47?
13
What is the remainder when 52276165 is divided by 5744?
21
What is the remainder when 53181345 is divided by 127?
95
Calculate the remainder when 836073 is divided by 140.
133
What is the remainder when 80515 is divided by 155?
70
Calculate the remainder when 3268707 is divided by 1089550.
57
Calculate the remainder when 188980315 is divided by 9.
7
What is the remainder when 14778530 is divided by 2058?
32
What is the remainder when 151227 is divided by 26?
11
Calculate the remainder when 52563 is divided by 1117.
64
Calculate the remainder when 174692 is divided by 87345.
2
Calculate the remainder when 2786153 is divided by 3986.
3925
What is the remainder when 5603713 is divided by 311315?
43
What is the remainder when 2663049 is divided by 76087?
4
What is the remainder when 2699891 is divided by 539977?
6
What is the remainder when 661393 is divided by 661208?
185
Calculate the remainder when 173721 is divided by 28516.
2625
What is the remainder when 4990719 is divided by 704?
63
Calculate the remainder when 36726939 is divided by 2666.
123
What is the remainder when 6390875 is divided by 1093?
104
Calculate the remainder when 729600 is divided by 3411.
3057
What is the remainder when 440275 is divided by 2317?
45
What is the remainder when 817511 is divided by 132?
35
Calculate the remainder when 1938357 is divided by 646090.
87
Calculate the remainder when 29429997 is divided by 228.
213
Calculate the remainder when 1242453 is divided by 1393.
1290
What is the remainder when 3522152 is divided by 92681?
274
What is the remainder when 116061 is divided by 54?
15
Calculate the remainder when 315725887 is divided by 608.
607
What is the remainder when 4377975 is divided by 6554?
6457
What is the remainder when 5669830 is divided by 2423?
10
What is the remainder when 8571 is divided by 1323?
633
What is the remainder when 5395875 is divided by 747?
294
Calculate the remainder when 1566868 is divided by 2752.
980
Calculate the remainder when 713649 is divided by 118935.
39
Calculate the remainder when 380451 is divided by 491.
417
What is the remainder when 15078648 is divided by 553?
550
Calculate the remainder when 66013693 is divided by 33.
31
Calculate the remainder when 192420 is divided by 40.
20
What is the remainder when 85431 is divided by 4264?
151
What is the remainder when 59467047 is divided by 246?
237
Calculate the remainder when 9986024 is divided by 7.
6
What is the remainder when 175950458 is divided by 28?
26
What is the remainder when 347430 is divided by 7953?
5451
Calculate the remainder when 75302 is divided by 75055.
247
What is the remainder when 11070194 is divided by 137?
46
Calculate the remainder when 5029690 is divided by 144.
58
What is the remainder when 95233005 is divided by 33?
21
What is the remainder when 1523254 is divided by 498?
370
Calculate the remainder when 230787858 is divided by 3063.
3060
Calculate the remainder when 6196145 is divided by 313.
310
What is the remainder when 3991716 is divided by 7141?
7038
Calculate the remainder when 5105929 is divided by 1819.
1815
What is the remainder when 43247 is divided by 183?
59
Calculate the remainder when 34212523 is divided by 3169.
3168
Calculate the remainder when 46749801 is divided by 23374881.
39
What is the remainder when 81428930 is divided by 110487?
11
Calculate the remainder when 5869434 is divided by 1173866.
104
Calculate the remainder when 52831 is divided by 1282.
269
Calculate the remainder when 16135081 is divided by 28061.
6
Calculate the remainder when 179604 is divided by 1102.
1080
What is the remainder when 139634 is divided by 27915?
59
What is the remainder when 86023076 is divided by 8?
4
Calculate the remainder when 245510 is divided by 81610.
680
What is the remainder when 35353708 is divided by 7070739?
13
What is the remainder when 3389674 is divided by 564852?
562
What is the remainder when 235216 is divided by 39077?
754
Calculate the remainder when 93767194 is divided by 7212860.
14
Calculate the remainder when 203523317 is divided by 322.
319
Calculate the remainder when 235161 is divided by 23030.
4861
Calculate the remainder when 13971523 is divided by 1397131.
213
Calculate the remainder when 2330323 is divided by 776.
771
What is the remainder when 20149723 is divided by 8?
3
What is the remainder when 1152454 is divided by 8059?
17
Calculate the remainder when 104003 is divided by 17286.
287
What is the remainder when 153978186 is divided by 51326060?
6
Calculate the remainder when 127564 is divided by 42495.
79
Calculate the remainder when 2115455 is divided by 7.
6
Calculate the remainder when 789999 is divided by 78989.
109
Calculate the remainder when 540212 is divided by 516.
476
What is the remainder when 8805728 is divided by 44927?
36
Calculate the remainder when 28160 is divided by 2836.
2636
What is the remainder when 2379100 is divided by 817?
813
Calculate the remainder when 801364 is divided by 34839.
67
Calculate the remainder when 744963 is divided by 14051.
260
What is the remainder when 56431 is divided by 28128?
175
What is the remainder when 74996358 is divided by 5356882?
10
What is the remainder when 446719 is divided by 146966?
5821
What is the remainder when 801958 is divided by 1009?
812
What is the remainder when 8392372 is divided by 107?
41
What is the remainder when 6179 is divided by 1531?
55
What is the remainder when 65876373 is divided by 24?
21
What is the remainder when 226800 is divided by 437?
434
Calculate the remainder when 301121 is divided by 7923.
47
Calculate the remainder when 13389 is divided by 2064.
1005
What is the remainder when 401184067 is divided by 122?
121
What is the remainder when 1353033 is divided by 2305?
2303
Calculate the remainder when 3369538 is divided by 2467.
2083
Calculate the remainder when 58615277 is divided by 21.
14
What is the remainder when 9793972 is divided by 378?
370
Calculate the remainder when 165037521 is divided by 1758.
1755
Calculate the remainder when 40722 is divided by 765.
177
Calculate the remainder when 8967514 is divided by 16157.
379
Calculate the remainder when 355708 is divided by 21423.
12940
What is the remainder when 66763891 is divided by 4704?
19
What is the remainder when 1124653 is divided by 12093?
4
Calculate the remainder when 16833101 is divided by 16.
13
Calculate the remainder when 2683755 is divided by 1341875.
5
Calculate the remainder when 877603 is divided by 292503.
94
What is the remainder when 90648 is divided by 1822?
1370
Calculate the remainder when 22310766 is divided by 11155355.
56
Calculate the remainder when 11201 is divided by 273.
8
Calculate the remainder when 8063520 is divided by 1343916.
24
Calculate the remainder when 2374881 is divided by 56535.
411
Calculate the remainder when 19194 is divided by 83.
21
What is the remainder when 243814 is divided by 21936?
2518
Calculate the remainder when 3479367 is divided by 316304.
23
What is the remainder when 96637108 is divided by 2059?
2
What is the remainder when 419679230 is divided by 1792?
1790
What is the remainder when 155639 is divided by 875?
764
Calculate the remainder when 265758 is divided by 3087.
276
What is the remainder when 231497 is divided by 57856?
73
Calculate the remainder when 13997922 is divided by 26.
16
Calculate the remainder when 105788 is divided by 1888.
60
What is the remainder when 14481 is divided by 14368?
113
Calculate the remainder when 24771791 is divided by 14.
9
What is the remainder when 88953401 is divided by 17790678?
11
What is the remainder when 2463805 is divided by 13?
6
Calculate the remainder when 300601 is divided by 5010.
1
Calculate the remainder when 8274743 is divided by 86.
81
What is the remainder when 314348 is divided by 26172?
284
What is the remainder when 31569048 is divided by 29?
25
Calculate the remainder when 4890162 is divided by 552.
546
What is th